= -s + 1. Suppose -15 + 16 = -c. Let l be (24/9)/(3/(-9) - c). Determine v(l).
-3
Let y(z) = -17*z + 7*z + 23 + 9 + 3*z + 6*z. Determine y(16).
16
Let h(c) = 2*c**2 + 4*c + 4. Suppose f = 5*b - 25, b - 4*f + 25 = 6*b. Suppose -3*x = -k - 36, -x + k - 55 = -b*x. Let s = 9 - x. Give h(s).
20
Let w be (-1)/(1/2) - -2. Let s = -123 + 126. Let a = w - s. Let o(k) = k**3 + 4*k**2 + k + 2. What is o(a)?
8
Let o(j) = -j + 1. Let u(p) = 3 + 7*p**2 + 2*p**2 - 3*p**2 - 4*p. Let v(l) = -4*o(l) + u(l). Let x(h) = -2*h - 7. Let s be x(-3). What is v(s)?
5
Let x(d) = -33 + 53 + 13*d - 31. Let y(s) = -20*s + 17. Let o(w) = 8*x(w) + 5*y(w). Calculate o(2).
5
Suppose f - 29 = 4*o, 0 = -0*o - 2*o - 4*f + 8. Let i(j) = 11*j + 13. Let y(v) = 13*v + 14. Let s(n) = -6*i(n) + 5*y(n). What is s(o)?
-2
Let i(n) = 16*n**3 - 5*n**3 - n + 11 - 10*n**3. Let b be (-14)/77 - (-2)/11. Suppose -2*t = -b*t. Calculate i(t).
11
Let t(m) = 0*m**3 + 2*m**2 - 5*m**3 - m**2. Let w(f) = -21*f - 463. Let p be w(-22). Determine t(p).
6
Let o(h) = -h**2 - 4*h + 10. Suppose -3*z + 15 = 5*g, 32*g + 3*z = 31*g + 3. Determine o(g).
-11
Let d(a) = 6*a - 7. Let i(h) = -13*h + 14. Let o(b) = 9*d(b) + 4*i(b). Let j be ((-94)/(-376))/((-2)/(-56)). Calculate o(j).
7
Let x be (-483)/(-12) - 6/24. Let u = x - 36. Let y(q) be the second derivative of q**4/12 - 2*q**3/3 - 2*q**2 - q. What is y(u)?
-4
Let y(r) = -r**2 - 4*r + 2. Let g be y(-5). Let s(h) = -5*h - 6847 + 2286 + 2276 + 2283. Calculate s(g).
13
Let t(h) be the third derivative of 0 + 1/10*h**5 + 1/120*h**6 - 1/2*h**3 + 1/6*h**4 + 0*h - 3*h**2. Determine t(-5).
2
Let y(z) = -z**3 + 6*z**2 - 6*z + 7. Let v be y(5). Let x(p) = 74 - 11*p - p**v - 71 + 4*p. Suppose -4*r - 3*r = 49. Determine x(r).
3
Let j = 40 + -123. Let t = j - -87. Let q(b) = b**3 - 5*b**2 + 4*b + 4. Give q(t).
4
Let q be 18/6*(-5)/(-45)*6. Let u(o) = -5*o**3 - 3*o**2 + o + 1. Determine u(q).
-49
Let c(t) = -t**3 - 7*t**2 - 6*t - 1. Let n(y) = -y. Let w be n(-5). Suppose -4*s + 6*s + w = -5*x, -5*s = 2*x - 40. Let h be 8/(-20) + (-56)/s. Calculate c(h).
-1
Let d be (12/(-21))/(2/(-7)). Suppose -d*k - 12 = -6*k. Let i(j) = -4*j - 4. Give i(k).
-16
Let p(g) = -g**3 + 7*g**2 - 2*g - 6. Suppose -4*i = -6 - 18. What is p(i)?
18
Suppose 0 = 5*a + 3*w - 28, -a + 0*a - 2*w + 7 = 0. Suppose 5*u + 20 + a = 0. Let j(m) = -m**2 - 3*m + 7. What is j(u)?
-3
Let x(v) = -v**3 + 12*v**2 - 11*v + 4. Let s be x(11). Let d(u) = 0*u - u + 214 - 209. Calculate d(s).
1
Let g be (-1)/(-5) - (-330)/(-25). Let h = g + 18. Let x(f) = -h + 5*f**2 - f**2 + 13*f**3 - 12*f**3. What is x(-4)?
-5
Suppose -5*m = 6*c - 11*c, -3*m + 8 = 5*c. Let n = 3 - c. Let k(x) = 1 + n*x**2 + 0 - 11*x**2 + 2*x**2. What is k(1)?
-6
Let h(x) be the third derivative of -x**8/6720 + x**6/360 - x**5/120 - 37*x**4/24 - 11*x**2. Let y(f) be the second derivative of h(f). What is y(-2)?
3
Suppose 0 = 234*v - 242*v - 32. Let s(a) = -8*a**2 - 5 - 2*a**2 + 2*a + 11*a**2. Calculate s(v).
3
Let i(v) = -v**2 - 3*v + 3. Suppose 8*t - 14 = 26. Give i(t).
-37
Let o(f) = f**2 + 2*f + 1. Suppose 28 = -2*a + 4*i - 0*i, -i = 4*a + 74. Let u = a - -9. Let v be (6/(-27))/(1/u). Give o(v).
9
Suppose 5 = -2*q - 9. Let t(f) = 3*f**3 - 5*f + 3*f + 8*f**2 - 4 + 4*f + 3*f - 2*f**3. Determine t(q).
10
Let r(g) = 1. Let l(u) = -3*u - 43. Let k(w) = l(w) - 4*r(w). What is k(-19)?
10
Let a(o) = 25 + 6*o + 5*o - 2*o - o**2 - 31. Calculate a(7).
8
Let t = -75 - -79. Let l(f) = 3*f - 7. What is l(t)?
5
Let h(o) be the second derivative of o**5/10 - o**4/3 + o**3/3 + o**2/2 - 3*o - 44. Determine h(2).
5
Let z(y) be the third derivative of y**6/120 - 2*y**5/15 + y**4/4 + 7*y**3/6 - 72*y**2. Give z(6).
-29
Let h = -51 - -44. Let q(j) = j + 5. Let d be q(h). Let p(z) = 4*z + 1. Determine p(d).
-7
Let o(j) = -j**3 - j**2 - 74*j + 1. Let a be o(0). Let u(b) = 5*b**3 - 2*b**2 + b. Calculate u(a).
4
Let g(n) be the second derivative of n**4/12 - 2*n**3/3 + 5*n**2/2 + 5*n. Let z(f) = -11*f + 38. Let v be z(3). Determine g(v).
10
Let o(q) = -2*q + 1. Let d = 59 - 53. Let w be (-4)/d*(-36)/(-8). Give o(w).
7
Suppose 15*c = -22 + 127. Let p(y) = y**2 - y - 6. Determine p(c).
36
Let c(u) = 6 + 4*u + 2*u - 7*u. Let v be c(5). Let z(i) = 3 + 0 - 3 + v - 2*i. Calculate z(4).
-7
Let a = 98 - 98. Suppose k + a = 4*b - 4, -3*k - b + 1 = 0. Let w(m) = m - 12. Calculate w(k).
-12
Let d(o) = -18*o**3 - 2*o - 1. Let s(w) = w**2 + 7*w + 9. Let j be ((-45)/25)/((-3)/15). Suppose -j*c + 12*c = -15. Let p be s(c). Calculate d(p).
19
Let d = 61 + -54. Let c(h) = 1 - h + 8*h**3 - d*h**3 - 4 - 6. Determine c(0).
-9
Suppose 5*n - 5*a = 0, -3*a = -n - 3*n - 3. Let u = n + 7. Let z(h) = 3*h + 4 - 3 - u*h + 1. Determine z(4).
-2
Let z(m) = -1 + 0*m + 2*m**2 + 0*m**2 - 2*m. Let t = 19 - 13. Let b = t - 4. Give z(b).
3
Let y(v) = -v + 5. Let m(r) = -r**2 + 15*r - 44. Let i be m(7). Calculate y(i).
-7
Let y = -34 + 35. Let w(z) = -z. Let r(o) = -2*o - 3. Let b(x) = y*r(x) - 3*w(x). Suppose 3*n - 4 = 17. What is b(n)?
4
Let p(q) = 5*q**2 - 3*q - 2. Let r(j) be the second derivative of -j**4/12 + j**3/6 + 25*j. Let i(z) = p(z) + 6*r(z). Give i(4).
-6
Let w(g) = -5*g - 76 + 26 + g + 25 + 23. What is w(-2)?
6
Let v(u) = u - 2. Let i(f) = -f + 1. Let k = 12 + -18. Let b(c) = k*v(c) - 5*i(c). Determine b(0).
7
Suppose j - 5*a - 11 = 0, 2 - 25 = -3*j + 5*a. Let u(i) = -i**3 + 5*i**2 + 4*i - 4. Calculate u(j).
-16
Let l(n) = -n**3 - n. Let v(u) be the first derivative of -7/4*u**4 - 8 + 4/3*u**3 - 7/2*u**2 - 2*u. Let x(d) = -6*l(d) + v(d). Determine x(4).
-6
Let i be 9 - (-12)/(-8)*-2*1. Suppose 0 = 2*b - b - 3*y + i, -2*b - 14 = -y. Let c(w) = -2*w - 9. Give c(b).
3
Let u(y) = -y + 1. Suppose 0 = -4*g + l - 18, 27*g - 28*g - 9 = 2*l. What is u(g)?
6
Let z(t) = -t - 10. Let y(i) = i**2 + 14*i + 20. Let h be y(-11). Let n be z(h). Let b(j) = 3*j**2 - 3*j + 2. Give b(n).
20
Suppose -5*x + 3 + 2 = 0, 3*x = i - 2. Suppose i*r = -31 - 4. Let h(g) = -3*g**2 + 2*g**2 - 207*g + 200*g. What is h(r)?
0
Let v(o) = o**2 + o - 12. Let p = -219 - -219. Calculate v(p).
-12
Let k be (-775)/(-279) - (-4)/18. Let c(l) = l**3 - 3*l - 3. What is c(k)?
15
Let t(a) be the second derivative of -5/12*a**4 - 1/20*a**5 + 0 - 26*a - 3/2*a**2 - 1/2*a**3. Calculate t(-4).
-7
Suppose -16 = 4*a + 2*c, 5*c - 5 = 5*a - 0. Let g(i) = i**2 - 12*i - 40. What is g(a)?
5
Let l(q) be the third derivative of -1/24*q**4 + 0 + 0*q + 1/6*q**3 + 5*q**2 + 1/30*q**5. Let y be (-4)/20 - (-6)/5. Determine l(y).
2
Let p(u) = u + 7. Let w(f) = 2*f + 13. Let m be -8*(-2)/4 - 10. Let r(h) = m*w(h) + 11*p(h). Determine r(0).
-1
Suppose 10*l = 9*l + 2. Let k(f) = l - 9*f - 6 - 3 + 2*f - f**2. Calculate k(-6).
-1
Let x(v) be the second derivative of v**2 - 11*v + 0 - 2/3*v**3. Let s(z) = 2*z - 6. Let i be s(4). What is x(i)?
-6
Let k(d) be the third derivative of -d**5/60 + 5*d**4/24 + d**3/3 + 19*d**2. Let r = -5 - -3. Let m = 8 + r. Determine k(m).
-4
Let t = 67 - 75. Let x(u) = -2*u - 3. Determine x(t).
13
Let p(o) be the second derivative of 11*o**3/2 - o**2/2 + 4*o + 25. Calculate p(1).
32
Let c(q) = -q**2 + 24*q + 24. Let f be c(25). Let h(z) = -10*z**2 + 2*z + 6. Let b(k) = 11*k**2 - 2*k - 7. Let w(g) = 5*b(g) + 6*h(g). Determine w(f).
-6
Let u = -1103 + 1104. Let x(k) = 9*k**2 - k + 2. What is x(u)?
10
Suppose -35*h - 130 = -48*h. Let o(v) be the first derivative of -v**2/2 + 2*v + 2. Calculate o(h).
-8
Let k be 0 + -2 + 3 + -2. Let r = -5 + k. Let s(f) = -2 - 22*f - 19*f + 69*f - 29*f. Give s(r).
4
Suppose 5*g + 0*g - 20 = 0. Suppose -g*v = -v. Suppose v*f = 3*f + 9. Let q(c) = c - 3. Calculate q(f).
-6
Let w(u) = -u**2 + 3*u + 6. Suppose 0 = -4*y + 113 - 17. Let g = 30 - y. Calculate w(g).
-12
Let v(o) = -5*o - 6 - 265*o**2 + 130*o**2 + 134*o**2. What is v(-3)?
0
Let j(o) be the first derivative of -o**5/20 - 5*o**4/12 + o**3/3 - 2*o**2 + 26*o + 9. Let u(v) be the first derivative of j(v). Determine u(-5).
-14
Let t(n) = 2*n - 6. Let k(j) = -j + 1. Let m(v) = -6*k(v) - t(v). Let c(h) = -8 - 3*h - 8*h + 3*h - h**2. Let l be c(-7). Calculate m(l).
-4
Let n = 7 - 13. Let p(q) = 39*q + 44*q + 39*q - 123*q + 2 - 7. What is p(n)?
1
Suppose -3 = b + 2. Let i(a) = 6*a + 10*a - 31*a + 8*a + 5*a. Give i(b).
10
Let k(j) = 3*j + 806. Let y(b) = 2*b + 60